
9
Suppose -12*j + 147 = 9*j. Let y(z) = z**3 - 7*z**2 + 2*z + 10. Calculate y(j).
24
Let i(y) = -6*y**3 + 41*y**2 + 14*y + 4. Let o(u) = u**3 - 8*u**2 - 3*u - 1. Let l(h) = 2*i(h) + 11*o(h). Let w = -783 + 778. Give l(w).
-3
Let m(h) = 2*h**3 - 2*h**2 + 1. Suppose 3*f = -3*r - 18, -2*f + 5*r - 24 - 16 = 0. Let x be 2/10 + (-18)/f. Give m(x).
9
Let w(s) be the third derivative of s**4/24 + 19*s**3/6 - 18*s**2. Calculate w(0).
19
Let f(z) = 13*z**2 - z - 37. Let j(q) = 3*q**2 - 9. Let o(r) = 2*f(r) - 9*j(r). Let l = -210 - -205. What is o(l)?
-8
Let y = 1 - -2. Suppose 12 = -3*o - y*a, -2*o + 2*a = -3*o - 8. Let x(n) = -n + 4 - 3 + o. Determine x(-5).
6
Let l(v) = v**2 - 8*v - 2. Suppose 5*m + 2*i - 24 = 0, -2*m - 3*i - i + 16 = 0. Give l(m).
-18
Suppose 30 = 3*w - 2*p, -4*w = 2*p - 0*p - 26. Let x(k) = 0 - w - k + 0. Suppose -12 = 32*i - 29*i. Give x(i).
-4
Let w be (-36)/(-60)*5/3. Let j(b) be the third derivative of b**6/24 - b**5/60 + 2*b**2. Give j(w).
4
Let g = -15 - -20. Let q(f) = -f**3 + 5*f**2 + f - 1. Determine q(g).
4
Let x(y) be the second derivative of -y**2 + 1/6*y**3 + 0 + 2*y. Suppose 22 - 16 = 3*a. Calculate x(a).
0
Let o(c) = c**2 - 3*c + 2. Let x be o(3). Let d(h) = -h - h**x + 4*h + h + 4. Give d(4).
4
Let u(j) = j. Let y(x) = 3*x. Let z(m) = -3*m. Let w(b) = 6*y(b) + 5*z(b). Let q(l) = 5*u(l) - w(l). Let c(a) = -a. Let g(d) = 7*c(d) + 3*q(d). Determine g(2).
-2
Let a(l) = 13*l**3 - 4*l**2 - 3*l - 2. Let b(m) = -38*m**3 + 11*m**2 + 8*m + 5. Let z(h) = -8*a(h) - 3*b(h). Give z(-1).
-10
Let m(j) = -j**3 + j**2 + 4*j + 3. Suppose -p + 14 = 2*d, 2*p - 4*p - 5*d + 32 = 0. Suppose 0 = -2*l - 6 - 10. Let a = p + l. What is m(a)?
7
Let t(h) be the third derivative of h**4/8 + 2*h**3/3 - h**2. Determine t(-4).
-8
Suppose 0*x = 2*x - 10. Suppose 2*k + 18 = x*k. Let r(g) = g + 3. Give r(k).
9
Let m(g) be the second derivative of -g**5/20 + g**4/2 + 4*g**3/3 - 4*g**2 + 7*g. Determine m(7).
-1
Let d(l) = 11*l. Let y be -3 + 2 + 0 + 7. Suppose 6 = 4*u - 14. Suppose -u = -s + y*s. Give d(s).
-11
Let u(k) = k**3 - 6*k**2 + 2*k - 4. Let v(s) = s**3 - 6*s**2 + 3*s - 3. Let g(l) = 3*u(l) - 4*v(l). What is g(5)?
-5
Let i(h) = h**2 - 3*h + 2. Let n = -104 + 108. Calculate i(n).
6
Let l(d) = -2*d - 3. Suppose -p = -4*p + 12. Let u be p/14 + (-6)/21. Suppose -4*x - 13 + 2 = -3*i, u = -2*i + 2. Calculate l(x).
1
Let u(o) = o + 9. Let b(s) = -1. Let i(r) = -b(r) + u(r). Let c be i(-8). Let q(l) = -2*l - l**c + 5*l + 2*l. Calculate q(4).
4
Let l(t) = t**3 - 4*t**2 - 4*t - 4. Suppose 15 = p - 3*i, -5*i = 4*p + 31 - 6. Suppose p = c - 4*k - 5, 4*c + 4*k - 20 = 0. Give l(c).
1
Let r(j) = -j**3 + 3*j**2 + 6*j - 2. Let g(q) be the third derivative of q**6/120 - q**5/10 + q**4/12 - 4*q**3/3 - 3*q**2. Let k be g(6). Calculate r(k).
6
Let b(a) = a - 8. Let p(x) = -7. Let i(f) = -3*f**2 + f + 1. Let m be i(-1). Let w(y) = m*b(y) + 4*p(y). Give w(-3).
5
Let o(t) = t**2 - 7. Let x be o(-5). Suppose -x = -3*k - 3. Let c(m) = -k + m - 3 + 2 + 1. Give c(4).
-1
Let w(c) = 2*c - 9. Let v be w(6). Let x be (2/4)/(v/12). Let z(g) = 0*g + 3*g + g**x - g**3 - g. Calculate z(2).
0
Let x(a) = -a**2 - 10*a. Let t(z) = -6*z**2 - 1. Let r be t(1). Let q(b) = 2*b**2 + 21*b - 1. Let w(j) = r*x(j) - 3*q(j). Give w(-5).
-7
Let c be (20/(-25))/(1/5). Let y(w) = w**3 + 5*w**2 + 6*w. Determine y(c).
-8
Let m(n) = -n**3 - 3*n**2 + 6*n + 3. Let k(a) = a**3 - a**2 - 2. Let d be k(2). Suppose j - 2 = 3*g + 1, 5*j + 2*g = -d. Let t = j - 4. Determine m(t).
-5
Let i(b) = b**2 + 0*b**2 + 2 - 5*b + 0*b**2. Calculate i(6).
8
Let u be ((-2)/(-6))/(2/18). Let t be ((-14)/u)/(4/(-18)). Suppose 6 = -3*o + t. Let w(k) = -k - 1. Calculate w(o).
-6
Let n(w) = 2 + w**2 - 4*w + 0*w**2 + 6*w - 3*w. Let d be (-4)/(-8) + 9/6. Determine n(d).
4
Let h(z) = -2*z**3 + 2*z**2 + z. Suppose 8*l - 11*l + 6 = 0. Determine h(l).
-6
Suppose -4*f - 6 = 2*r, -5*f + 4*r = 8*r + 6. Let l(c) = 5*c + 2. What is l(f)?
-8
Let q(v) = 2*v + 1. Let c = -148 + 145. Determine q(c).
-5
Let z(d) = -d - 4. Let j be 6*3/(-2) - 2. Let a = j + 7. Calculate z(a).
0
Let q(o) be the first derivative of o**2/2 - 7*o + 18. Calculate q(-7).
-14
Let g(h) = -3*h - 7. Let o(n) = 3*n + 6. Let z(v) = 3*g(v) + 4*o(v). Let x = -20 - -22. Let j(d) = 4*d + 3. Let f(p) = x*j(p) - 3*z(p). Calculate f(-4).
1
Let i(j) = -j**3 + j**2 + 2*j + 1. Suppose r + 2*t = -3*t - 12, 4*t = -5*r + 45. Let w = r - 14. Calculate i(w).
1
Suppose -4*r + 9*r + 10 = 0. Let g = r - -3. Let a(y) = -y + 4. Let n(j) = j - 5. Let s(b) = -4*a(b) - 3*n(b). Give s(g).
0
Let k = 2 + -1. Let s(y) be the second derivative of y**6/180 + y**4/24 - y**3/3 - 3*y. Let r(p) be the second derivative of s(p). What is r(k)?
3
Let y(t) = 8*t**2. Let v be y(-1). Let g be (6/v)/(6/16). Let h(r) = -5*r. Give h(g).
-10
Let d(v) be the first derivative of -2*v**3/3 - 2*v**2 + 43. Calculate d(-3).
-6
Suppose -h - 16 = -3*z, 4*z - z + 3*h = 0. Let n(l) be the third derivative of 5/24*l**4 - 1/3*l**3 - 1/60*l**5 + 0*l + 0 - l**2. Give n(z).
2
Let b = -7 + 8. Let s(l) = -3*l + 8*l - 5 + 5 + b. Give s(-2).
-9
Let u = 57 + -55. Let z(x) = x**3 + 2*x - 3. What is z(u)?
9
Let v(f) = 1. Suppose 0 = 5*j + 35 - 5. Let y(z) = -z - 5. Let g(n) = j*v(n) - y(n). Let i = -2 - 3. Calculate g(i).
-6
Let w(d) be the second derivative of -d**3/3 - 3*d**2 - 19*d. What is w(-4)?
2
Let v(x) be the second derivative of -x**3/2 - 2*x**2 + x. Suppose 15 = -3*h, 5*o - 3*o - 7 = 3*h. Determine v(o).
8
Let u(z) = -10 + z**2 - 1 + 3*z - 2*z**3 + 8. Calculate u(2).
-9
Suppose 7*p + 95 = 2*p + 5*h, 0 = p + 5*h - 11. Let g = p - -16. Let z(t) = -t**3 - t**2 + t - 1. Calculate z(g).
-11
Let t(i) = i**3 + 4*i**2 - 2*i + 7. Let o be (2/2)/((-8)/(-24)). Suppose -o*g + 4 = 19. Give t(g).
-8
Let z be (-1)/3 - 7/(-3). Let w(y) = -4*y + z + 5*y - 4*y**2 + 2*y + y**3. Let b(c) = -c**3 - 14*c**2 - 13*c + 3. Let j be b(-13). Give w(j).
2
Let b(m) = -m**3 + m**2 + 3*m + 2. Let z = 24 + -26. Determine b(z).
8
Let n = -113 + 116. Let g(l) be the second derivative of -1/3*l**n + 5/12*l**4 - 1/2*l**2 + 2*l + 0 - 1/20*l**5. Calculate g(5).
-11
Let q = 20 - 23. Let f(z) = z**3 + 3*z**2 + 3*z + 3. Determine f(q).
-6
Let u(k) = k**2 - k + 6. Suppose -w + 19 = 3*v, w - 20 = -4*w. Suppose 2*m + o - v*o + 16 = 0, -5*m = 4*o - 16. Determine u(m).
6
Let s(r) = r**3 - 8*r**2 - 9*r + 2. Let n be s(9). Let v(j) = 3*j - 2. Give v(n).
4
Suppose -4*q + 46 - 2 = 0. Suppose 5*l = 9 + q. Suppose -21 = a + l*b, 5*b + 6 = -2*a + 6*b. Let n(u) = -u**2 - 6*u - 5. Give n(a).
0
Suppose 8*c = -3*c + 44. Let j(n) be the first derivative of n**4/4 - n**3 - 2*n**2 + 6*n + 1. Calculate j(c).
6
Suppose t - 6 = -7. Let l(i) = -24*i + 1. Determine l(t).
25
Let v(w) be the first derivative of w**6/60 + w**5/120 + w**4/24 + w**3 - 3. Let p(x) be the third derivative of v(x). Suppose 2*n - 4*n = 2. Determine p(n).
6
Let n(c) = -3*c**2. Let z(j) = -7*j**2 - 1. Suppose 2*h - 4*h = 10. Let a(g) = h*n(g) + 2*z(g). Let t(p) be the first derivative of a(p). Give t(1).
2
Suppose -4*q + 16 = 0, -1 = -5*l + 2*l + 2*q. Let y(u) = u**2 + 0 + 5 - 2 - 4*u. Give y(l).
0
Let t(v) = 5*v - 2. Let x(m) = -4*m + 2. Let u(a) = -3*t(a) - 4*x(a). Calculate u(-5).
-7
Let j = -24 - -25. Let s(f) = 1 + 6 + 1 - j - 2*f. Give s(6).
-5
Let d(i) be the second derivative of -i**5/5 + i**4/12 - 5*i**3/6 - 9*i**2/2 + 3*i. Let n(u) = -3*u**3 - 4*u - 8. Let c(l) = -4*d(l) + 5*n(l). Give c(4).
-4
Let p(r) = -36*r**2 - 36*r**2 - 6*r + 73*r**2. Give p(5).
-5
Let y(t) be the second derivative of t**5/20 + t**4/6 - t**3/6 + t**2 + 26*t. Give y(-2).
4
Let k(h) be the second derivative of h**5/20 + h**4/3 - 3*h**2/2 + 2*h + 8. Let n = 2 - 3. Let v = n + -2. Calculate k(v).
6
Let u(a) be the second derivative of -a**4/12 + 2*a**3/3 + 3*a**2 - 2*a. Suppose -3*g + 3*r + 2*r = -23, 2*g - 5*r - 22 = 0. Let n = g - -4. What is u(n)?
1
Let n(d) = -d**2 - 4*d + 7. Let p(j) = -13*j**2 + 1. Let o be p(2). Let k be (-4)/(-6) - o/(-9). What is n(k)?
2
Let r be 1/(1 - 0) - 0. Let g(m) = -4*m**2 + 7*m - 6. Let a(d) = 3*d**2 - 6*d + 5. Let l(z) = -5*a(z) - 4*g(z). Calculate l(r).
2
Let b(o) be the second derivative of -o**4/2 - 5*o**3/6 - 5*o**2/2 + 2*o. Let u(h) = 7*h**2 + 5*h + 5. Let z(g) = -6*b(g) - 5*u(g). What is z(-5)?